/(-12) + 4)*-12?
2, 5
Let x(b) = 3*b - 2. Let u(q) be the first derivative of -3*q**2 + 5*q + 1. Let h(l) = -3*u(l) - 5*x(l). List the prime factors of h(4).
7
Let y(f) = -67*f - 2. Let i be y(-2). Suppose 0 = x + b + 23, -25 = -5*x - 3*b - i. What are the prime factors of (3 + x)/(1*-1)?
2
Suppose a + a = 126. List the prime factors of a.
3, 7
Let q be (0 + 6)*-2*1. Let k = q + 25. What are the prime factors of k?
13
Let i(b) = 6 + b**2 + 4*b - 7 + 3. List the prime factors of i(-5).
7
Suppose -3*t = -5 - 4. Let h be 786/14 + 1/(-7). Suppose -f + h = t*f. List the prime factors of f.
2, 7
Suppose -4*s - 40 = -9*s. Suppose -2*c = -3*r - 8, 2*c - r = -0*r + s. Suppose c*h - 12 = -2*p, 8*p + 5*h - 35 = 3*p. What are the prime factors of p?
2
Let s = 41 + -20. What are the prime factors of -2 - 0 - (-5 - s)?
2, 3
Suppose 180 = 3*x + 4*j, 0*j = x - j - 67. What are the prime factors of x?
2
Let r(p) = p**3 + p**2 + 36. What are the prime factors of r(0)?
2, 3
Suppose 3*h + 3*c = -3, h + 2*c - 3*c - 7 = 0. Suppose -2*a - 2*d + 63 + h = 0, -3*a + 103 = 4*d. List the prime factors of a.
29
Suppose 15 = -0*q + 3*q. Suppose 49 = 2*b + q*v, -v = -0*v - 1. Suppose 4*s - 58 - b = 0. What are the prime factors of s?
2, 5
Suppose 4*j - 5 = 3. Let w = j - 3. List the prime factors of (10 - (1 - w))/1.
2
Let n(j) = -j**3 - 11*j**2 + 3*j + 23. List the prime factors of n(-12).
131
Let d(u) = 3*u**2 + 19*u - 28. Let o(z) = z**2 + 6*z - 9. Let p(m) = 2*d(m) - 7*o(m). List the prime factors of p(-5).
2
Let x(u) = u**3 + 17*u**2 + 16*u + 5. Let r be x(-16). Let i(b) = b + 3. Let l be i(-6). Let d = r + l. What are the prime factors of d?
2
What are the prime factors of 92 - ((-5)/1 - -5)?
2, 23
Let v(d) = -d**3 + d**2 + 3. Let c be v(0). Suppose -73 = -4*x + c. List the prime factors of x.
19
Suppose -h = -4*h. Suppose h = -3*r - 5*q + 26, q = r - 14 - 0. List the prime factors of r.
2, 3
Let w = -536 + 914. What are the prime factors of w?
2, 3, 7
Suppose 0 = 4*y + z - 755, y = 3*z - 80 + 285. List the prime factors of (-8)/(-20) + y/25.
2
Let y(j) be the first derivative of 11*j**4/4 + j**3/3 - j**2 + j + 3. What are the prime factors of y(1)?
11
List the prime factors of 1060/6 + 6/18.
3, 59
Suppose 3*y - 153 = -0*y. What are the prime factors of y?
3, 17
Let k(l) = l**2 - 3*l + 3. What are the prime factors of k(-6)?
3, 19
Let t = 0 + 8. List the prime factors of t.
2
Suppose 0 = -2*p - 3*p + 110. What are the prime factors of p?
2, 11
Let a be 0 + -1 + 1 + 1. Let h(t) = t**3 - 6*t**2 - 2*t + 6. Let i be h(6). List the prime factors of i/(((-6)/4)/a).
2
Let w(l) = l**3 - l**2 + 16. Suppose -1 = -i - 0. Let g = -1 + i. What are the prime factors of w(g)?
2
Let y(o) = 6 - o + o**2 + 1 - 3*o. What are the prime factors of y(5)?
2, 3
Let z(n) = 4*n**2 + 3*n + 1. Let q = -3 - -1. What are the prime factors of z(q)?
11
Suppose 0 = 6*t - 71 + 29. List the prime factors of t.
7
Let q = 6 - 3. Let l be (q - 1) + (-2)/2. What are the prime factors of (-2 + -1)/l + 15?
2, 3
Let m be 1/((0 - -2)/6). Let x = 1 + m. Suppose 4*d - 60 = x. List the prime factors of d.
2
Let z be -10*1/((-8)/4). Suppose -z*i + 70 = -0*i. What are the prime factors of i?
2, 7
Suppose 5*a + 0 = 45. Suppose 0 = 3*k + a - 51. Suppose -k = -2*w + 2. What are the prime factors of w?
2
Let s = 3 - 3. Suppose 0 = -s*d - 4*d + 24. Suppose d + 26 = 4*v. What are the prime factors of v?
2
Suppose 5 = 4*c + 13. Let o be 2/(c - 7/(-4)). Let x = 23 + o. List the prime factors of x.
3, 5
Suppose 0 = 90*f - 96*f + 666. List the prime factors of f.
3, 37
Let t be ((-15)/(-6) - 2)*0. Suppose 5*d + 5*i - 35 = t, -2*d - 5*i - 13 = -d. Suppose d = 4*v - 8. List the prime factors of v.
5
Suppose 2*a - 20 = 7*a. What are the prime factors of a*(-3)/7*14?
2, 3
Let v be (6/(-8))/1*-4. Suppose -5*h - 2*w - 24 = 0, w + 12 = -h - v*w. Let k = -2 - h. List the prime factors of k.
2
Let z(o) = o**2 - 8*o - 2. What are the prime factors of z(12)?
2, 23
Let i(g) = 10 + 1 + 3 - g**2 + 9*g. Let u be i(10). Suppose 5*b - 28 + u = -j, -1 = j. List the prime factors of b.
5
Let c be (2/(-4))/((-3)/36). Let l(g) = 5 + 3 - 3*g - 3 - c. What are the prime factors of l(-7)?
2, 5
Let p(h) = -h**3 + 5*h**2 + 6*h - 5. What are the prime factors of p(-4)?
5, 23
Suppose 0 = -6*a + 5 + 43. List the prime factors of a.
2
Let v = -79 - -150. Let a be 1 + 4 - (1 - 1). Suppose v - 26 = a*k. List the prime factors of k.
3
Let g(y) be the third derivative of -y**5/60 + 5*y**4/8 - 11*y**3/6 - 3*y**2. List the prime factors of g(11).
3, 11
Let j(r) = -5*r + 6. Let m(i) = -45*i + 55. Let n(f) = 55*j(f) - 6*m(f). What are the prime factors of n(-5)?
5
Suppose -8 = -3*x + 7. Suppose 3*y = 3*u + 1 + 2, -y = -x*u + 3. List the prime factors of -6*(0 - 1)*u.
2, 3
Let l(w) = 3*w - 5. What are the prime factors of l(8)?
19
Suppose -3*x = -5*q - 47, 2*q - q = -2*x + 27. List the prime factors of x.
2, 7
Suppose 0*d = 3*d - 18. Suppose -2*c - 3 + 5 = 0. Suppose -d + c = -q. What are the prime factors of q?
5
Let z(f) = -8*f**3 - 2*f**2 + 5*f - 4. Let d(p) = 2*p**2 - 5 + 3*p**3 - 4*p + 8 + 5*p**3. Let g(l) = -5*d(l) - 4*z(l). List the prime factors of g(-1).
7
Suppose 4*f + 3*g - 1 = 0, -3*f - 2*g + 32 = -6*g. Let p = f - -1. What are the prime factors of p?
5
Suppose 3*m = -3*p - 2*p - 57, 0 = 3*p - 4*m + 40. What are the prime factors of (-34)/(-3) + 16/p?
2, 5
Suppose -g - 4*f + 52 = 0, 0*g = 2*g + 2*f - 74. What are the prime factors of g?
2
What are the prime factors of -3 + (2 - -146) + 1?
2, 73
Let j be (-3 - -1) + (5 - 0). Suppose 4*p + 0*h - 81 = 5*h, 4*p - j*h - 71 = 0. What are the prime factors of p?
2, 7
Let d(y) = 13*y + 3. Let c(b) = 6*b + 2. Let u(l) = 5*c(l) - 3*d(l). Let k be u(-7). Suppose 0 = 3*h + 5*w - k, w - 11 + 58 = 4*h. List the prime factors of h.
13
Let w be 2/(3*(-6)/459). Let q = -36 - w. List the prime factors of q.
3, 5
Let o(c) = -c**3 + 14*c**2 - 12*c + 10. List the prime factors of o(12).
2, 7, 11
Suppose -2*i + 4*i - 1 = 3*p, 3*p = 3*i + 3. Let t = p - -5. Suppose -2*u + 20 = 2*g + t*g, 3*u - g = 44. List the prime factors of u.
2, 7
Suppose -5*l - 43 = b - 6, 67 = -2*b - 3*l. Let t(f) = -f**2 + 2. Let v be t(-2). List the prime factors of (3/v)/(4/b).
2, 3
Let x(h) = -34*h - 6. What are the prime factors of x(-2)?
2, 31
Let m be 1*23 - (-8)/8. Suppose m = 4*w - 4*n, -4*n - 3 = -23. What are the prime factors of w?
11
Suppose 3*p = 2*f - 3*f + 96, 4*p - 4*f - 144 = 0. Let d = 21 - p. List the prime factors of (0 - -3)/((-9)/d).
2
Let a be (19 - 9/3)/2. Let i(z) = -5 - 2*z - 7 + 13*z - z**2. What are the prime factors of i(a)?
2, 3
Let t(c) = -2*c - 18. Let h be t(-12). What are the prime factors of (-87)/(-9) - h/9?
3
List the prime factors of -1*(-42 + 1)*1.
41
Suppose 0*v = -4*v + 16. Suppose x - v*c - 15 = 0, 2*x + 3*x + 5*c = 0. Suppose 0 = -3*w + 3*q + 36, 0 = 2*w - 4*w + x*q + 26. What are the prime factors of w?
2, 5
Suppose -2*z = -5*z. Suppose z = -0*n - n + 4. Suppose 2*k + 2*h = 12, 5*h - 12 = -n*k + 11. What are the prime factors of k?
7
Suppose 4*v - 571 = 609. What are the prime factors of v?
5, 59
What are the prime factors of (-22)/3*18/(-12)?
11
Let h be ((-1)/((-2)/4))/1. Suppose -z + 0*r + 7 = 2*r, 0 = -5*z - h*r + 43. List the prime factors of z.
3
Let g = 37 + 22. What are the prime factors of g?
59
Suppose -2*r = r - 12. What are the prime factors of r?
2
List the prime factors of (4 - (-2 + 10)) + 528/2.
2, 5, 13
Let u = 58 - 56. Let v = -18 + 42. Suppose v = 2*x + u*x. List the prime factors of x.
2, 3
Let f(h) be the first derivative of -h**3/3 + 9*h**2/2 + 2*h + 5. What are the prime factors of f(5)?
2, 11
Suppose w = -2*w + 6. Suppose -v + 2 = -w*v. List the prime factors of v/(((-6)/27)/2).
2, 3
Let k(r) = 2*r - 4. Let v be k(6). Let i be (0 - -1)/(2/(-2)). Let o = v - i. What are the prime factors of o?
3
Let f = 2 + 3. Suppose -82 = -3*j - j - 2*r, -f*r + 105 = 5*j. List the prime factors of j.
2, 5
Let h = 9 - -42. What are the prime factors of h?
3, 17
Let z(s) = s**2 + 2*s. List the prime factors of z(5).
5, 7
Suppose -3*s - 3 - 6 = 0. Let c be 4/6 - (-25)/3. What are the prime factors of 1 + s/c*-3?
2
Let r be -1 - -5 - 2/2. Let g(y) = -y**2 + 6*y + 3. Let b be g(6). Suppose t = b, 5*